at is the units digit of 9757?
7
What is the hundreds digit of 666?
6
What is the hundreds digit of 177?
1
What is the units digit of 45048?
8
What is the units digit of 2096?
6
What is the thousands digit of 15131?
5
What is the thousands digit of 1925?
1
What is the tens digit of 193275?
7
What is the tens digit of 28530?
3
What is the ten thousands digit of 37659?
3
What is the tens digit of 264?
6
What is the thousands digit of 17949?
7
What is the thousands digit of 5546?
5
What is the tens digit of 24879?
7
What is the units digit of 72057?
7
What is the tens digit of 5766?
6
What is the thousands digit of 1351?
1
What is the thousands digit of 1886?
1
What is the tens digit of 82951?
5
What is the units digit of 1246?
6
What is the hundreds digit of 63338?
3
What is the units digit of 1865?
5
What is the hundreds digit of 1667?
6
What is the hundreds digit of 18718?
7
What is the units digit of 298?
8
What is the thousands digit of 2640?
2
What is the units digit of 31439?
9
What is the units digit of 527?
7
What is the tens digit of 57783?
8
What is the ten thousands digit of 17533?
1
What is the units digit of 32?
2
What is the hundreds digit of 348?
3
What is the thousands digit of 1847?
1
What is the hundreds digit of 62995?
9
What is the ten thousands digit of 19359?
1
What is the ten thousands digit of 12359?
1
What is the thousands digit of 1995?
1
What is the hundreds digit of 68234?
2
What is the thousands digit of 15902?
5
What is the thousands digit of 1464?
1
What is the thousands digit of 2181?
2
What is the hundreds digit of 894?
8
What is the tens digit of 6651?
5
What is the thousands digit of 2171?
2
What is the hundreds digit of 25510?
5
What is the thousands digit of 1662?
1
What is the tens digit of 1435?
3
What is the hundreds digit of 13502?
5
What is the units digit of 852?
2
What is the tens digit of 36648?
4
What is the tens digit of 183233?
3
What is the hundreds digit of 800?
8
What is the hundreds digit of 985?
9
What is the thousands digit of 4790?
4
What is the thousands digit of 1006?
1
What is the ten thousands digit of 118678?
1
What is the tens digit of 2105?
0
What is the units digit of 593?
3
What is the thousands digit of 6095?
6
What is the hundreds digit of 13223?
2
What is the thousands digit of 57874?
7
What is the ten thousands digit of 42911?
4
What is the units digit of 3589?
9
What is the thousands digit of 4668?
4
What is the units digit of 761?
1
What is the tens digit of 36?
3
What is the tens digit of 3323?
2
What is the units digit of 896?
6
What is the tens digit of 1047?
4
What is the hundreds digit of 9815?
8
What is the hundreds digit of 20251?
2
What is the tens digit of 2188?
8
What is the hundreds digit of 9417?
4
What is the ten thousands digit of 24892?
2
What is the units digit of 254?
4
What is the units digit of 1566?
6
What is the units digit of 722?
2
What is the units digit of 18501?
1
What is the tens digit of 34227?
2
What is the tens digit of 251?
5
What is the units digit of 108?
8
What is the hundreds digit of 504?
5
What is the tens digit of 6861?
6
What is the thousands digit of 14203?
4
What is the units digit of 92047?
7
What is the ten thousands digit of 66689?
6
What is the units digit of 3408?
8
What is the thousands digit of 6126?
6
What is the thousands digit of 16610?
6
What is the tens digit of 58?
5
What is the tens digit of 602?
0
What is the thousands digit of 2599?
2
What is the units digit of 49946?
6
What is the hundreds digit of 77676?
6
What is the hundreds digit of 134114?
1
What is the tens digit of 3397?
9
What is the tens digit of 4982?
8
What is the ten thousands digit of 28102?
2
What is the units digit of 4654?
4
What is the units digit of 1118?
8
What is the units digit of 3522?
2
What is the units digit of 9272?
2
What is the hundreds digit of 2568?
5
What is the thousands digit of 92403?
2
What is the units digit of 1066?
6
What is the tens digit of 1329?
2
What is the thousands digit of 1344?
1
What is the tens digit of 55?
5
What is the hundreds digit of 4456?
4
What is the ten thousands digit of 12697?
1
What is the tens digit of 1738?
3
What is the tens digit of 17495?
9
What is the tens digit of 920?
2
What is the hundreds digit of 8779?
7
What is the units digit of 1564?
4
What is the units digit of 2348?
8
What is the thousands digit of 52529?
2
What is the units digit of 39?
9
What is the units digit of 6420?
0
What is the units digit of 21308?
8
What is the tens digit of 407?
0
What is the tens digit of 91488?
8
What is the hundreds digit of 84125?
1
What is the hundreds digit of 2197?
1
What is the tens digit of 3240?
4
What is the thousands digit of 28581?
8
What is the thousands digit of 3901?
3
What is the units digit of 1146?
6
What is the thousands digit of 37752?
7
What is the units digit of 984?
4
What is the units digit of 18795?
5
What is the thousands digit of 52895?
2
What is the thousands digit of 35857?
5
What is the tens digit of 74?
7
What is the ten thousands digit of 20821?
2
What is the hundreds digit of 556?
5
What is the tens digit of 164?
6
What is the hundreds digit of 4146?
1
What is the units digit of 3884?
4
What is the units digit of 16292?
2
What is the units digit of 251?
1
What is the units digit of 2343?
3
What is the units digit of 7626?
6
What is the units digit of 565?
5
What is the units digit of 132941?
1
What is the hundreds digit of 5247?
2
What is the thousands digit of 9025?
9
What is the units digit of 23700?
0
What is the ten thousands digit of 14178?
1
What is the units digit of 53294?
4
What is the hundreds digit of 8998?
9
What is the tens digit of 748?
4
What is the hundreds digit of 1023?
0
What is the hundreds digit of 12091?
0
What is the tens digit of 834?
3
What is the ten thousands digit of 64975?
6
What is the thousands digit of 27108?
7
What is the tens digit of 316?
1
What is the hundreds digit of 2636?
6
What is the hundreds digit of 993?
9
What is the hundreds digit of 5709?
7
What is the tens digit of 39653?
5
What is the tens digit of 38803?
0
What is the units digit of 2857?
7
What is the units digit of 10927?
7
What is the hundreds digit of 2507?
5
What is the thousands digit of 6682?
6
What is the units digit of 7210?
0
What is the tens digit of 2531?
3
What is the units digit of 9471?
1
What is the hundreds digit of 1209?
2
What is the thousands digit of 28074?
8
What is the units digit of 89713?
3
What is the units digit of 10978?
8
What is the hundreds digit of 2817?
8
What is the hundreds digit of 2216?
2
What is the tens digit of 221?
2
What is the hundreds digit of 1886?
8
What is the units digit of 2314?
4
What is the hundreds digit of 4173?
1
What is the hundreds digit of 58445?
4
What is the tens digit of 513?
1
What is the units digit of 672?
2
What is the hundreds digit of 11736?
7
What is the units digit of 505?
5
What is the hundreds digit of 699?
6
What is the ten thousands digit of 38552?
3
What is the ten thousands digit of 60377?
6
What is the hundred thousands digit of 162407?
1
What is the hundreds digit of 986?
9
What is the tens digit of 8983?
8
What is the ten thousands digit of 87015?
8
What is the hundreds digit of 13334?
3
What is the units digit of 496?
6
What is the ten thousands digit of 29797?
2
What is the ten thousands digit of 25542?
2
What is the tens digit of 53796?
9
What is the units digit of 7026?
6
What is the tens digit of 15846?
4
What is the hundreds digit of 2821?
8
What is the units digit of 82074?
4
What is the thousands digit of 1116?
1
What is the hundreds digit of 9436?
4
What is the units digit of 1755?
5
What is the thousands digit of 17360?
7
What is the units digit of 6365?
5
What is the units digit of 27590?
0
What is the hundreds digit of 495?
4
What is the tens digit of 881?
8
What is the units digit of 9255?
5
What is the tens digit of 7719?
1
What is the units digit of 4321?
1
What is the tens digit of 5586?
8
What is the units digit of 8591?
1
What is the units digit of 20509?
9
What is the thousands digit of 12056?
2
What is the tens digit of 686?
8
What is the units digit of 530?
0
What is the thousands digit of 98136?
8
What is the thousands digit of 25492?
5
What is the tens digit of 19294?
9
What is the 